ndreds digit of u?
8
Let r(i) = -i**3 - 48*i**2 - 33*i + 80. What is the hundreds digit of r(-48)?
6
Let u = -1 - 5. What is the units digit of 4964/44 + u/(-33)?
3
What is the hundreds digit of (-5037)/(-6) + 25/10?
8
Let i be (-1)/4 + (-10)/(-8). What is the units digit of (-4)/(i + 1) + (-150)/(-6)?
3
Let y = 1395 + -94. What is the thousands digit of y?
1
Let d(b) = -2*b + 1. Let v be d(-2). Let n be -15*(-5 - (-144)/30). Suppose x = -n*o - 2*x, -o = -v*x - 6. What is the units digit of o?
1
Let v(k) = 58*k**2 - 93*k + 704. What is the units digit of v(7)?
5
Let y(s) = -s**3 - 10*s**2 - 11*s - 15. Let f be y(-9). Suppose f*u = -4*k + 410 + 360, -4*k + 3*u + 758 = 0. What is the units digit of k?
1
Let c = 253 - 178. Suppose 4*x = 5*l + 27, -3*l = -5*x - 5*l + c. What is the units digit of x?
3
What is the units digit of (-1)/(-1) - -198*(-5 + 8)?
5
Suppose -1327 + 5464 = 3*n. What is the units digit of n?
9
Let k(s) be the first derivative of s**4/4 + 2*s**3/3 - s**2/2 + s - 2. Let b be k(-2). What is the tens digit of b - (-5)/(5/22)?
2
Let p(j) = 401*j**2 - 3*j + 2. Let y be p(1). Suppose 0 = 23*b - 28*b + y. What is the tens digit of b?
8
Let t(n) = 46*n**3 + n**2 + 2*n + 1. Let g be t(-1). Let b be 2/(-2) - g/2. What is the units digit of -3 + 3/3 + b?
0
Suppose -42 + 2 = 10*b. Let d = 55 + b. What is the tens digit of d?
5
Suppose 7*o = 7123 - 1236. What is the units digit of o?
1
Let k = 3 - -1. Let m(u) = 11*u**2 + u - 2. Let h be m(-2). What is the units digit of -1*2 + h/k?
8
Let u(k) = -83*k + 638. What is the thousands digit of u(-8)?
1
What is the units digit of 417/1 - (-3 - (-5 + 6))?
1
Let k(l) = 118*l - 545. What is the units digit of k(15)?
5
What is the tens digit of ((-1)/14)/(2/(-432))*63?
7
Suppose l + 448 = j, 4*j - 5*l = 771 + 1017. What is the hundreds digit of j?
4
Suppose -8 - 40 = -3*t. Suppose -t = -o - 0. What is the tens digit of o?
1
Let b(d) = d**3 + 6*d**2 - 7*d + 3. Let v be b(-7). Suppose -2*k = 3*p + 109, 0*k = -p + v*k - 29. Let c = 69 + p. What is the tens digit of c?
3
Suppose 4*r = -3*d - 274, -2*r = -4*d + r - 407. Let z = 148 + d. What is the units digit of (3/5)/(10/z)?
3
What is the units digit of (0 - 1)/(20/(-440))?
2
Suppose h - 722 = m, -30*h = -27*h + 4*m - 2187. What is the tens digit of h?
2
Let y(d) = 7*d - 28. Let l be y(18). Suppose -23*t = -30*t + l. What is the units digit of t?
4
Suppose o + 3*w - 116 = 0, -5*o + 5*w = -3*o - 243. What is the tens digit of o?
1
Let q(v) = -235*v - 22. Let f be q(-4). Suppose f = 8*h - 66. What is the hundreds digit of h?
1
Suppose 4*p + 0*p - 20 = 0. Suppose -2*f + 3*l = -f - 2, p*f - 10 = 4*l. Suppose 4*a + 48 = 4*i, -a - 68 = -5*i + f*a. What is the units digit of i?
6
Let l(w) = w**2 - 7*w - 6. Let f be l(8). Let a be f/(-4)*(4 - 208). Suppose 6*y + a = 9*y. What is the tens digit of y?
3
Let i(w) = w**3 - 12*w**2 - w + 12. Let b be i(12). Suppose -3*p = -b*p - 15. Suppose 0 = 2*o - p*o + 111. What is the tens digit of o?
3
Let p(c) = 2*c**2 + 2*c + 13. Let d be p(0). Let s = 21 - -27. Let m = s - d. What is the tens digit of m?
3
Suppose 0 = 26*x + 2*x - 50120. What is the units digit of x?
0
Let g be 12/(-30) - 4/(-10). Let w(p) = g + 1 + p + 3*p. What is the units digit of w(9)?
7
Suppose 0*j = 4*j - 212. Let b = -23 + j. What is the units digit of b?
0
Let s = -93 + -45. Let n = -24 - s. What is the hundreds digit of n?
1
Let h = -14 + 50. Suppose 0 = 3*l - 5*u - 52, -2*l + u + h + 1 = 0. What is the units digit of l?
9
Let q = 20 + 6. Suppose 0 = -d + 2*d - q. What is the units digit of d?
6
Let f = 1851 + -1123. What is the units digit of f?
8
Let y be (2 + -100)/((-2)/(-6) - 1). Suppose 9 = 4*v - y. What is the units digit of v?
9
Let f(l) = -3 + 0*l + l**2 + 5*l - 10*l + 3*l**2. What is the units digit of f(4)?
1
Let o = -906 + 1341. What is the tens digit of o?
3
Let b(j) = j**2 + 5*j - 12. Let m be b(-7). Let y(i) = 23*i**2 - 3*i + 12. What is the units digit of y(m)?
8
Let n(z) = 419*z - 84. What is the hundreds digit of n(2)?
7
Suppose -3*k = -k - 8. Let r(w) = -w + 4. Let y be r(-4). Suppose -32 = -y*n + k*n. What is the units digit of n?
8
Let n(o) = -25 + 19 + 14 - 42*o - 76*o. What is the hundreds digit of n(-2)?
2
Suppose 19*p - 23*p + 380 = 0. Suppose -5*k + 45 = -p. What is the units digit of k?
8
Let t = 12 - 10. Suppose 4*l - 244 = -t*v, -2*l + v - 244 = -6*l. What is the tens digit of l?
6
Suppose -5*y + y - 496 = 0. Let j be y/5 - 1/5. Let d = j + 40. What is the units digit of d?
5
Suppose -14950 = -5*p + 2*v, 3*p + 2*v - 10331 = -1377. What is the tens digit of p?
8
Suppose 20 = 4*t, -2*x - t - 21 = -6*t. Suppose -5*a + 69 = -x*a. What is the tens digit of a?
2
What is the tens digit of 158/(6/(-12)*-1)?
1
Suppose t - 3*y - 2467 = -3*t, -5*y + 15 = 0. Suppose -v - 2*v + t = n, 2*n - 198 = -v. What is the units digit of v?
8
Let z be ((-1)/(-2))/((-2)/556). Suppose -5*m - 1035 = w - 2*w, -3*w = 0. Let a = z - m. What is the units digit of a?
8
Suppose -p + 3*w + 717 = 0, -2*p - 4*w - 1440 = -4*p. What is the units digit of p?
6
Let d = 42 - -18. What is the hundreds digit of d/(-15)*390/(-8)?
1
Suppose 0 = l - 13 + 10. What is the tens digit of 23 + (l + -3)/(2/1)?
2
Suppose 4*u + 3*q = 2508, -12*u + 9*u - 4*q = -1888. What is the hundreds digit of u?
6
Let g(d) = 56*d - 2. Suppose 5 = -0*t + 5*t. What is the tens digit of g(t)?
5
Suppose -4*u + 5 = -5*u. What is the units digit of ((-15)/u)/(1 - 290/296)?
8
Let h = 831 + 1254. What is the thousands digit of h?
2
What is the units digit of (-2)/13 + (-75951)/(-117)?
9
Suppose -7 - 11 = q. Let w = q + 21. What is the units digit of w?
3
Suppose -6*l = -8132 - 23686. What is the hundreds digit of l?
3
Suppose p - 183 = -3*x - x, -3*x - 504 = -3*p. Suppose 4*d = 5*d - 3*g - 72, p = 2*d + 3*g. What is the units digit of d?
1
Let o(s) = -s**3 + 21*s**2 + 24*s + 15. Let n be o(20). Suppose 10*w = 5*w + n. What is the units digit of w?
9
Suppose s + 72 = 5*s. Suppose -20 = 5*b, 0*x - b = -2*x + s. What is the units digit of x?
7
Let u(m) = -m**2 - 3*m + 14. Let v be u(-6). What is the units digit of 2 + v/((-16)/172)?
5
Let o = -12 - -26. What is the units digit of (2256/(-84))/((-4)/o)?
4
Let g(v) = 18*v - 165. What is the units digit of g(35)?
5
Suppose -15*d + 6203 = -11227. What is the units digit of d?
2
Suppose 0 = -0*i - 2*i + 3*m + 21, i - 15 = -3*m. Let v = i - 12. Suppose -34 = -2*b - v*b. What is the units digit of b?
7
Let t(r) = r**3 - 2*r**2 - 21. What is the tens digit of t(7)?
2
Suppose 55*m - 18261 = -4*k + 52*m, -2*k + 9128 = 2*m. What is the units digit of k?
9
Let k(o) = o + 26. Suppose 4*b + 5 = -23. What is the tens digit of k(b)?
1
Suppose 0*t - 3*t + 2*p = -1522, 0 = 2*t + 2*p - 1008. Suppose -5*j - 6*j = -t. What is the units digit of j?
6
Suppose 3*r + 84 = 2*r - g, -3*r - 287 = -4*g. Let d = r + 161. What is the units digit of d?
2
Let l(k) = 2*k - 16. Let g be l(11). Suppose g*d - 268 = 2*d. What is the units digit of d?
7
Let c(k) = 4*k. Let d be c(-3). Let y = d - -46. Let p = y + 4. What is the tens digit of p?
3
Let l be 1/2 - (-88)/16. Suppose 2*v = l*v - 224. What is the tens digit of v?
5
Suppose -3*y + 14506 = -4*o, -3*y + 17*o - 6*o = -14492. What is the tens digit of y?
3
Let a be -4*1 + -7 + 50. Let o = a + -25. What is the tens digit of (-482)/(-12) - o/84?
4
Suppose t - 2*s = 6 - 1, t = -5*s + 19. Suppose -t*j = -222 - 840. What is the tens digit of j?
1
Let g be 2 + 1/(2/(-6)). Let p be 11 + -9 - 1*g. Suppose -p*t + 25 = 2*t. What is the units digit of t?
5
Suppose -3980 = 311*n - 321*n. What is the tens digit of n?
9
Suppose -g + 2*o + 118 = -137, 0 = 4*g + 4*o - 984. Suppose -g = 3*v - 4*w, 0*w - w + 171 = -2*v. Let x = v + 128. What is the units digit of x?
1
Let v(j) = -j**3 - 49*j**2 - 23*j + 29. What is the thousands digit of v(-49)?
1
Suppose 0 = 2*n + p - 5372, 5 - 7 = -p. What is the thousands digit of n?
2
Let x(z) = 1279*z - 30. What is the tens digit of x(3)?
0
Suppose 3*k - 597 = 4*y, -4*k + 2*y + 1009 = k. What is the tens digit of k?
0
Suppose -5*c = -3*n + 755, 2*c - 22 = -3*n + 747. What is the hundreds digit of n?
2
Let i be (35/(-126) + 2/(-9))*-18. Let k = i - -51. What is the tens digit of k?
6
Suppose -5*x = 129 